{"id":45,"date":"2018-11-15T01:39:42","date_gmt":"2018-11-15T00:39:42","guid":{"rendered":"https:\/\/quantenfrosch.at\/shop\/?post_type=product&#038;p=45"},"modified":"2025-11-08T18:29:01","modified_gmt":"2025-11-08T17:29:01","slug":"wordpress-dsgvo-datenschutz-check","status":"publish","type":"product","link":"https:\/\/quantenfrosch.at\/shop\/produkt\/wordpress-dsgvo-datenschutz-check\/","title":{"rendered":"Wordpress DSGVO Datenschutz-Check"},"content":{"rendered":"<p>Die <strong>Datenschutzgrundverordnung (DSGVO)<\/strong> regelt im Kern, dass Internetnutzer selbst bestimmen d\u00fcrfen, ob, von wem und wie ihre Daten gespeichert und verwendet werden d\u00fcrfen. Daf\u00fcr muss der Webseiten-Betreiber den Kunden auf verst\u00e4ndliche Art und Weise \u00fcber die <strong>Details der Datenerhebung und Daten\u00fcbertragung<\/strong> unterrichten. Hierf\u00fcr werden unter anderem <strong>Datenschutzhinweise<\/strong> auf die Webseite gestellt und <strong>Sicherheitsprotokolle<\/strong> eingerichtet.<\/p>\n<p>&nbsp;<\/p>\n<h2>Was muss man im Zuge der DSGVO beachten?<\/h2>\n<p>&nbsp;<\/p>\n<p>Auf einer Webseite gibt es viele versteckte Orte, an denen Daten erhoben und \u00fcbertragen werden. Das reicht von den <strong>Schriftarten<\/strong> \u00fcber <strong>Google-Maps<\/strong> und <strong>Formulare<\/strong> bis hin zu Elementen wie <strong>Videos<\/strong>. In vielen F\u00e4llen ist die Rechtsprechung bei den datenschutzrelevanten Details noch nicht klar, in anderen Bereichen sind die Vorschriften eindeutig.<\/p>\n<p>&nbsp;<\/p>\n<p>Folgende Punkte werden beim <strong>Datenschutz-Check<\/strong> gepr\u00fcft:<\/p>\n<p>&nbsp;<\/p>\n<ul>\n<li>Google Analytics IP-Anonymisierung<\/li>\n<li>Google Analytics Opt-Out-Funktionalit\u00e4t<\/li>\n<li>Cookie Hinweis<\/li>\n<li>Datenschutzerkl\u00e4rung<\/li>\n<li>Impressum<\/li>\n<li>Newsletter-Anmeldung<\/li>\n<li>Kontaktformulare<\/li>\n<li>Kommentarfunktion<\/li>\n<li>SSL Verschl\u00fcsselung<\/li>\n<li>Verwendung der Google Dienste \u201eFonts\u201c und \u201eMaps\u201c<\/li>\n<li>Einbindung sozialer Medien<\/li>\n<li>Einbindung externer Webdienste<\/li>\n<li>WordPress und Plugins<\/li>\n<\/ul>\n<p>&nbsp;<\/p>\n<p>Auf Wunsch erstelle ich Ihnen gerne auch ein Angebot zur Umsetzung der ermittelten Ma\u00dfnahmen.<\/p>\n<p>&nbsp;<\/p>\n<p>Ganz wichtig: Der DSGVO-Check ersetzt <strong>keine Rechtsberatung<\/strong>. Er zeigt datenschutzrelevante Punkte der Webseite auf und gibt <strong>Handlungsempfehlungen<\/strong>. Rechtssicherheit kann und darf nur ein Anwalt garantieren.<\/p>\n<p>&nbsp;<\/p>\n<p>Sie erhalten nach der Bestellung eine Best\u00e4tigungsmail mit einem Link zum Auftragsformular, mit dem alle erforderlichen Daten abgefragt werden.<\/p>\n<p>&nbsp;<\/p>\n<p><strong>Jetzt buchen und die Vorgaben der DSGVO umsetzen!<\/strong><\/p>\n<p class=\"product woocommerce add_to_cart_inline \" style=\"border:4px solid #ccc; padding: 12px;\"><del aria-hidden=\"true\"><span class=\"woocommerce-Price-amount amount\"><bdi>80,00&nbsp;<span class=\"woocommerce-Price-currencySymbol\">&euro;<\/span><\/bdi><\/span><\/del> <span class=\"screen-reader-text\">Urspr\u00fcnglicher Preis war: 80,00&nbsp;&euro;<\/span><ins aria-hidden=\"true\"><span class=\"woocommerce-Price-amount amount\"><bdi>70,00&nbsp;<span class=\"woocommerce-Price-currencySymbol\">&euro;<\/span><\/bdi><\/span><\/ins><span class=\"screen-reader-text\">Aktueller Preis ist: 70,00&nbsp;&euro;.<\/span><a href=\"\/shop\/wp-json\/wp\/v2\/product\/45?add-to-cart=45\" aria-describedby=\"woocommerce_loop_add_to_cart_link_describedby_45\" data-quantity=\"1\" class=\"button product_type_simple add_to_cart_button ajax_add_to_cart\" data-product_id=\"45\" data-product_sku=\"0005\" aria-label=\"In den Warenkorb legen: \u201eWordpress DSGVO Datenschutz-Check\u201c\" rel=\"nofollow\" data-success_message=\"\u201eWordpress DSGVO Datenschutz-Check\u201c wurde deinem Warenkorb hinzugef\u00fcgt\">In den Warenkorb<\/a>\t<span id=\"woocommerce_loop_add_to_cart_link_describedby_45\" class=\"screen-reader-text\">\n\t\t\t<\/span>\n<\/p>\n","protected":false},"excerpt":{"rendered":"<p>Die <strong>DSGVO<\/strong> hat in j\u00fcngster Zeit viele Unternehmer, Vereine und Privatleute in Panik versetzt. Unz\u00e4hlige Webseiten wurden aus <strong>Angst vor Abmahnungen<\/strong> einfach aus dem Netz genommen. Das ist \u00fcbertrieben, denn die Vorgaben sind durchaus umsetzbar. Mit meinem <strong>DSGVO-Check<\/strong> bekommen Sie Ma\u00dfnahmen aufgelistet, mit denen Sie die <strong>europ\u00e4ischen Datenschutzbestimmungen<\/strong> einhalten k\u00f6nnen.<\/p>\n<p>&nbsp;<\/p>\n<p><img loading=\"lazy\" decoding=\"async\" class=\"alignnone size-full wp-image-47\" style=\"margin-bottom: 15px;\" title=\"DSGVO konforme Websites\" src=\"https:\/\/quantenfrosch.at\/wp-content\/uploads\/dsgvo-230.png\" alt=\"DSGVO konforme Websites\" width=\"230\" height=\"114\" \/><\/p>\n","protected":false},"featured_media":93,"template":"","meta":[],"product_brand":[],"product_cat":[32],"product_tag":[44],"class_list":{"0":"post-45","1":"product","2":"type-product","3":"status-publish","4":"has-post-thumbnail","6":"product_cat-wordpress","7":"product_tag-datenschutz","9":"first","10":"instock","11":"sale","12":"virtual","13":"taxable","14":"purchasable","15":"product-type-simple"},"_links":{"self":[{"href":"https:\/\/quantenfrosch.at\/shop\/wp-json\/wp\/v2\/product\/45","targetHints":{"allow":["GET"]}}],"collection":[{"href":"https:\/\/quantenfrosch.at\/shop\/wp-json\/wp\/v2\/product"}],"about":[{"href":"https:\/\/quantenfrosch.at\/shop\/wp-json\/wp\/v2\/types\/product"}],"wp:featuredmedia":[{"embeddable":true,"href":"https:\/\/quantenfrosch.at\/shop\/wp-json\/wp\/v2\/media\/93"}],"wp:attachment":[{"href":"https:\/\/quantenfrosch.at\/shop\/wp-json\/wp\/v2\/media?parent=45"}],"wp:term":[{"taxonomy":"product_brand","embeddable":true,"href":"https:\/\/quantenfrosch.at\/shop\/wp-json\/wp\/v2\/product_brand?post=45"},{"taxonomy":"product_cat","embeddable":true,"href":"https:\/\/quantenfrosch.at\/shop\/wp-json\/wp\/v2\/product_cat?post=45"},{"taxonomy":"product_tag","embeddable":true,"href":"https:\/\/quantenfrosch.at\/shop\/wp-json\/wp\/v2\/product_tag?post=45"}],"curies":[{"name":"wp","href":"https:\/\/api.w.org\/{rel}","templated":true}]}}